der when 9251055 is divided by 108?
99
What is the remainder when 1907238 is divided by 635687?
177
What is the remainder when 83769 is divided by 7592?
257
What is the remainder when 164723751 is divided by 82361868?
15
Calculate the remainder when 160903 is divided by 8938.
19
Calculate the remainder when 60937178 is divided by 34.
32
What is the remainder when 1756790 is divided by 33781?
178
What is the remainder when 6355297 is divided by 700?
697
Calculate the remainder when 750059 is divided by 75005.
9
What is the remainder when 146 is divided by 77?
69
Calculate the remainder when 14025 is divided by 6632.
761
What is the remainder when 32228821 is divided by 3265?
6
Calculate the remainder when 5978512 is divided by 1494628.
0
What is the remainder when 290 is divided by 157?
133
What is the remainder when 5640362 is divided by 2820100?
162
Calculate the remainder when 1001396 is divided by 356.
324
What is the remainder when 106127 is divided by 9645?
32
What is the remainder when 93413 is divided by 282?
71
Calculate the remainder when 484624859 is divided by 81.
77
Calculate the remainder when 963963 is divided by 9736.
99
What is the remainder when 41425 is divided by 41240?
185
What is the remainder when 9858565 is divided by 222?
211
Calculate the remainder when 2769969 is divided by 256.
49
Calculate the remainder when 1322171 is divided by 1597.
1452
Calculate the remainder when 1785266 is divided by 3994.
3942
Calculate the remainder when 2576034 is divided by 282.
246
What is the remainder when 18118288 is divided by 1811828?
8
What is the remainder when 1223371 is divided by 176?
171
What is the remainder when 340943 is divided by 4735?
23
Calculate the remainder when 4870469 is divided by 90192.
101
Calculate the remainder when 231748 is divided by 52.
36
Calculate the remainder when 60643 is divided by 1064.
1059
Calculate the remainder when 301661 is divided by 1938.
1271
Calculate the remainder when 107416 is divided by 10927.
9073
What is the remainder when 20406181 is divided by 43142?
15
What is the remainder when 84578 is divided by 16878?
188
What is the remainder when 33969 is divided by 4480?
2609
What is the remainder when 575797829 is divided by 1590?
1589
What is the remainder when 661215 is divided by 13469?
1234
Calculate the remainder when 681933683 is divided by 823.
821
Calculate the remainder when 431558 is divided by 143752.
302
What is the remainder when 6616 is divided by 1222?
506
What is the remainder when 3978065 is divided by 21?
14
Calculate the remainder when 7546547 is divided by 1886621.
63
Calculate the remainder when 94803 is divided by 10472.
555
Calculate the remainder when 20821 is divided by 1495.
1386
What is the remainder when 128693155 is divided by 18906?
13
Calculate the remainder when 252666329 is divided by 4254.
4253
What is the remainder when 4302158 is divided by 566?
558
What is the remainder when 191210 is divided by 639?
149
Calculate the remainder when 2400232 is divided by 28.
16
What is the remainder when 13189068 is divided by 13189060?
8
What is the remainder when 672953 is divided by 3504?
185
What is the remainder when 195058 is divided by 24368?
114
What is the remainder when 1622179 is divided by 137?
99
What is the remainder when 57190 is divided by 28490?
210
Calculate the remainder when 282996628 is divided by 9.
7
Calculate the remainder when 17186 is divided by 693.
554
Calculate the remainder when 355805 is divided by 177702.
401
What is the remainder when 112165 is divided by 1868?
85
Calculate the remainder when 1451850 is divided by 724596.
2658
Calculate the remainder when 10063091 is divided by 16101.
16067
What is the remainder when 406645 is divided by 6781?
6566
What is the remainder when 1035319 is divided by 1035317?
2
What is the remainder when 3373 is divided by 732?
445
Calculate the remainder when 257460 is divided by 2238.
90
What is the remainder when 1111676 is divided by 4483?
4375
Calculate the remainder when 16469158 is divided by 12917.
12900
Calculate the remainder when 495807 is divided by 122.
121
Calculate the remainder when 437930 is divided by 8733.
1280
What is the remainder when 11500624 is divided by 468?
460
What is the remainder when 50047 is divided by 388?
383
What is the remainder when 232860 is divided by 13693?
79
Calculate the remainder when 3062814 is divided by 86.
10
Calculate the remainder when 642957718 is divided by 2774.
2772
Calculate the remainder when 93834786 is divided by 775494.
12
What is the remainder when 911014 is divided by 95?
59
Calculate the remainder when 499211 is divided by 126.
125
Calculate the remainder when 23207 is divided by 796.
123
Calculate the remainder when 1409722 is divided by 352.
314
Calculate the remainder when 300114 is divided by 20006.
24
What is the remainder when 2932547 is divided by 5109?
5090
What is the remainder when 53136689 is divided by 1213?
11
Calculate the remainder when 6041565 is divided by 187.
156
What is the remainder when 10261 is divided by 3413?
22
Calculate the remainder when 996310 is divided by 752.
662
What is the remainder when 1481532 is divided by 123460?
12
Calculate the remainder when 272383519 is divided by 361.
355
What is the remainder when 2331435 is divided by 243?
93
What is the remainder when 96601 is divided by 48111?
379
Calculate the remainder when 2074694813 is divided by 9.
8
Calculate the remainder when 10467 is divided by 9558.
909
Calculate the remainder when 26983 is divided by 4471.
157
Calculate the remainder when 12544487 is divided by 257.
60
What is the remainder when 81872766 is divided by 31?
30
Calculate the remainder when 4784307 is divided by 13748.
3
Calculate the remainder when 382805 is divided by 191359.
87
What is the remainder when 281983 is divided by 545?
218
What is the remainder when 2879578 is divided by 48?
10
What is the remainder when 12935527 is divided by 162?
151
Calculate the remainder when 3508056 is divided by 26.
6
Calculate the remainder when 5583149 is divided by 2791572.
5
What is the remainder when 103466 is divided by 17190?
326
Calculate the remainder when 6016 is divided by 1122.
406
Calculate the remainder when 14356815 is divided by 254.
227
Calculate the remainder when 1490593 is divided by 2056.
2049
Calculate the remainder when 80913368 is divided by 8737.
11
What is the remainder when 2584596 is divided by 268?
4
What is the remainder when 133457 is divided by 123?
2
What is the remainder when 3292059 is divided by 363?
12
What is the remainder when 1162207 is divided by 3136?
1887
What is the remainder when 43169496 is divided by 3320730?
6
What is the remainder when 114738436 is divided by 7580?
7556
Calculate the remainder when 44335395 is divided by 97.
90
What is the remainder when 241647 is divided by 11597?
9707
Calculate the remainder when 1670996 is divided by 42835.
431
What is the remainder when 500973 is divided by 505?
13
What is the remainder when 45273 is divided by 45243?
30
Calculate the remainder when 1894588 is divided by 631524.
16
Calculate the remainder when 2649758460 is divided by 801.
798
Calculate the remainder when 18419 is divided by 4600.
19
Calculate the remainder when 3675838 is divided by 3675832.
6
What is the remainder when 396623 is divided by 949?
890
What is the remainder when 424401 is divided by 17670?
321
What is the remainder when 270798 is divided by 3663?
3399
Calculate the remainder when 294951 is divided by 1930.
1591
Calculate the remainder when 2090423 is divided by 26.
23
Calculate the remainder when 9323510 is divided by 87.
68
What is the remainder when 6614940 is divided by 222?
6
Calculate the remainder when 505259 is divided by 55.
29
What is the remainder when 2407256324 is divided by 5273?
5272
Calculate the remainder when 157005 is divided by 3352.
2813
What is the remainder when 430476 is divided by 5810?
536
Calculate the remainder when 2401319 is divided by 106.
101
Calculate the remainder when 23310 is divided by 1417.
638
What is the remainder when 45153885 is divided by 14?
7
Calculate the remainder when 32526233 is divided by 183.
179
What is the remainder when 1208217 is divided by 402737?
6
What is the remainder when 45870